y**2 - 2*y + 5. Let k(q) = -q + 1. Let t(v) = 2*k(v) + r(v). Is t(d) a prime number?
False
Suppose 1134730 + 2042713 = 29*m. Is m a prime number?
True
Let a = -8788 + -8597. Let b = a - -33988. Is b prime?
True
Suppose -1660 + 4971 = 7*p. Suppose 214 = 2*z + 5*o, 5*z = o + 2*o + p. Is z a prime number?
True
Let m(k) = -207*k**2 + 2*k + 3. Let d be 0 + -3 + (16 - 15). Let v be m(d). Let i = v + 1358. Is i a composite number?
True
Let v(y) = 2002*y + 155. Let w be v(36). Suppose -w = -25*i + 258798. Is i a composite number?
False
Let v be (1818/(-24))/((-18)/24). Suppose 103*q = v*q + 34674. Is q prime?
False
Suppose 0 = 6*c - 14*c + 740408. Is c a composite number?
False
Let f(l) = 5*l + 35. Let x be (-5 - 1)/(15/20). Let b be f(x). Is ((-7026)/b)/(34/85) a composite number?
True
Suppose -1 = 2*p - 1. Let g = p - -4. Let s(c) = 5*c**3 + c**2 + 2*c - 13. Is s(g) a prime number?
True
Let x = -45 + 50. Let i = x + -19. Is (-4)/i + 6/(-42)*-6032 a prime number?
False
Suppose -x + 5*g + 13 - 1 = 0, -2*x = 2*g. Suppose 4*w + 64972 = 2*n, -3*w + x*n = 4*n + 48722. Is (9/27)/((-2)/w) a composite number?
False
Let o(q) = 12*q + 32*q + 15*q - 29 + 16*q. Let h be o(10). Suppose t - h = 480. Is t a composite number?
False
Let n(o) = 40337*o - 3382. Is n(27) a prime number?
False
Let v(i) = 96*i - 35. Let t be v(14). Let d = t + -794. Suppose 513 = n - 4*y, -4*y + y - d = -n. Is n composite?
False
Suppose -19*u = -3*a - 20*u + 665643, 5*u + 1109445 = 5*a. Is a a composite number?
True
Let z(h) be the second derivative of h**5/20 - h**4 + h**3/6 - 15*h**2/2 - 16*h + 1. Let d be (2 + -1)*1*52/4. Is z(d) prime?
True
Is 4 + (-5589684)/(-2 + -10) prime?
False
Let q = 95 - 94. Let m be q/(-4) - (-36105)/20. Suppose -z = 4, -3*z + m = a - 4*z. Is a a prime number?
True
Is 2*2/8 + 2727933/226 composite?
False
Suppose 2*k - n - 320 = -789, 5*n + 903 = -4*k. Suppose 3405 = -0*c + 5*c. Let s = k + c. Is s composite?
False
Let l be (12/7)/(10/35). Let d(w) = -w**3 + 7*w**2 - 8*w + 17. Let j be d(l). Suppose -2 = j*k + 18, -5*b + 2923 = -2*k. Is b a prime number?
False
Suppose -11518 = 5*b + 3*k, 5*b + 3*k - 6930 = 8*b. Let d = b - -3403. Is d a prime number?
True
Let y = 15231 - 7673. Is y composite?
True
Let y be (-5 - (-2)/2)/2 - -5. Suppose 67302 = 3*z + y*b, -5*b + 44865 = 2*z - 6*b. Is z a prime number?
True
Let r = 19687 - -1452. Is r composite?
False
Suppose 2*j - 24485 = 3*b, 3*b + 8158 = 2*b - 3*j. Let o = -5528 - b. Is o composite?
False
Let c be (4 + 143)*53/1. Let g = c - 4546. Suppose 87*f - 82*f = g. Is f prime?
False
Suppose -3745 - 97410 = -5*t. Suppose 5*u = 5*m + 39945, -2*m = -4*u + t + 11733. Is u composite?
False
Suppose -3*v + 22*r = 21*r - 295504, -394002 = -4*v + 2*r. Is v a composite number?
True
Let j be (-16)/4 + (2 - 1)*-4. Let t(l) = -2*l**3 - 4*l**2 - 19*l - 7. Is t(j) a prime number?
False
Let l(d) = 7*d + 40. Let m be l(-5). Suppose 4*q - 112786 + 17136 = 2*w, 119570 = m*q - w. Is q a composite number?
True
Suppose -3*f - 40966 = -2*r, 3*r - 40958 = 3*f + 5*r. Let d be f/(-10) - (16/(-40))/(-1). Let w = d + -874. Is w composite?
False
Suppose 2*r - 28592 = -2*f + 10518, 5*f = 5*r - 97755. Is r prime?
True
Let g be ((-3)/2)/(-8 + (-73668)/(-9208)). Let v = g - -6080. Is v a composite number?
True
Let i(z) = -75*z**3 + 34*z**2 - 3*z - 93. Is i(-13) a prime number?
False
Let k be (-1 + -1)/((-63)/630). Let z(a) = 4*a**2 - 25*a - 13. Is z(k) a prime number?
True
Let p(n) = -84477*n + 424. Is p(-1) prime?
False
Let z = 265 + -260. Suppose -5*c + 1924 = z*b - 3331, 5*b - 10 = 0. Is c a prime number?
True
Suppose -91*p + 88*p - 4*q = -416799, -4*q = -p + 138949. Is p composite?
False
Suppose -11320*u - 20075244 = -11404*u. Is u composite?
False
Let u = 10264 + -5598. Let b be 4/(-10) - 208/(-20). Suppose -4104 - u = -b*f. Is f a prime number?
True
Suppose p + 4*d - 40472 - 61389 = 0, 3*p + 2*d - 305513 = 0. Is p prime?
True
Suppose 130*q = 126*q + 364. Let w = -22 + q. Is 312892/w + 2/6 composite?
True
Suppose -1038 = 7*u - 16165. Suppose 13*d - u = 12*d. Is d a composite number?
False
Suppose 0 = -8*g + 12*g + 10*g - 363566. Is g a composite number?
False
Is (-254815)/(-40) - (-100)/160 a composite number?
True
Suppose -21*o = 5*o - 546. Is (-19060)/(-3) + (-7)/o prime?
True
Suppose -5*y = 5, 2*q = 13*y - 18*y - 5279. Let l = 4028 + q. Is l a prime number?
False
Suppose 2*m + 2*n = 32, -2*m + 2*n = -2 - 10. Suppose -20*w = -m*w - 18. Is (-1471)/(-3) + w/6*2 a prime number?
True
Let j(f) = -238*f - 7. Suppose -41*u + 34*u = 0. Let r be (1 + u)*2*-1. Is j(r) prime?
False
Suppose -4*l = -h - 791347, -4*h = l - 5*l + 791344. Is l prime?
True
Let t(w) = w**3 - 30*w**2 - 440*w + 52. Is t(95) prime?
True
Suppose 466 = -34*n + 58. Is 4 + 99382/14 + n/(-42) a prime number?
True
Let a = 535545 + -301372. Is a a composite number?
True
Let h = -83 + 87. Suppose 0 = -5*v - j + 12, 2*v + h*j = 3*v - 15. Suppose -2*g = 6*o - 5*o - 516, v*g = -5*o + 781. Is g a prime number?
True
Suppose -8*w + 14 = -546. Suppose 0 = 69*k - w*k + 5599. Is k a prime number?
False
Let x = 20186 - 12793. Is x a prime number?
True
Suppose 0 = -2*q - 3*j + 4300, 5*j = -5*q + 1446 + 9294. Suppose m - 4*u - 5357 = -4*m, 2*m = 2*u + q. Is m a prime number?
True
Let f be 2565 - -3*(-2)/(-6). Suppose -4*b = 3*j - 49837, b - 5*j = f + 9876. Is b a composite number?
False
Suppose -y + 4*k - 12 = 0, -3*y + 4*y + 2*k = 18. Suppose y = -3*m + 17. Suppose -u + 2*p = m*u - 5444, 0 = -5*p. Is u prime?
True
Suppose 639 - 156 = 23*a. Suppose 40737 + 20982 = a*r. Is r a prime number?
True
Let k(i) = 2*i**3 - 5*i**2 + 1. Let r be k(3). Suppose 7*z - 11*z + 187284 = -4*t, 5*t - r = 0. Is z composite?
True
Let w = -959966 - -3061669. Is w prime?
True
Is 22*(-958)/(-7)*28/16 prime?
False
Let f = -1986 - -3652. Suppose 2*g - 1132 - f = 3*v, 0 = v. Is g prime?
True
Let c = -180 - 134. Let h(u) = -11*u**3 - 2*u**2 + 3*u - 1. Let l be h(2). Let k = l - c. Is k composite?
False
Is -1 + (6 + -4 + -7 - -1004305) a composite number?
True
Suppose -36*z + 23*z - 26572 = 0. Is -1*(-3 + 8) + (12 - z) a composite number?
True
Suppose 134*d + 13*d = 3844491. Is d a prime number?
True
Let o(j) = 714602*j**2 - 83*j - 82. Is o(-1) composite?
True
Let f(d) be the first derivative of -7 + 14*d**2 + 25 - 41*d + 18. Is f(6) a composite number?
False
Suppose 3*n - 5*l = 32, -n = -2*n - 5*l + 24. Is 3506/n + (-100)/(-175) prime?
True
Suppose c + 0*c + 3 = 0, 2*c - 28616 = -2*v. Suppose 2 = -0*m + 2*m, -3*q - 4*m = -v. Is q composite?
True
Let p = 1374 + 555. Is (9/135 + (-3)/(-5))*p a prime number?
False
Let f(a) = -a**3 + 6*a**2 - a + 7. Let q be f(6). Suppose -2*m = -4*t - 2, -4*t - m = -7*t + q. Is ((-15)/(-9))/(t*4/1992) prime?
False
Suppose 5*i - 4553190 = -5*b, 2*b + 5*i - 2522541 = -701244. Is b a composite number?
False
Suppose 5*x + 0 = 20. Let s be ((-3 - -2)*-2 + -2)*-1. Suppose i = -s*i + 5, 4*i = x*h - 1128. Is h a composite number?
True
Let v = -8760 + 12799. Is v composite?
True
Suppose -7*h + 11*h + 4*c - 128388 = 0, 3*h - 4*c - 96305 = 0. Is h a composite number?
False
Let u = 22 - 13. Is u/(72/29176) + -3 + -1 prime?
True
Let s = -10060 - -122457. Is s a prime number?
True
Let t(s) = s**2 - 11*s - 8. Let p be t(12). Suppose 7*f - 2676 = p*f. Let d = f - 3. Is d composite?
True
Suppose k + 0*k - 11 = -4*r, 2*k - 10 = -2*r. Suppose 0 = 2*p - r*b - 15538, 3*b - 2*b - 15544 = -2*p. Is p a composite number?
True
Suppose 4*f - 117325 = -v, -3*v = f - 317342 - 34710. Is v a composite number?
False
Let u be -28*(2 - (4/4 + -1)). Let n = u - -60. Is ((-186)/9)/(n/(-186)) a prime number?
False
Let q = -1213191 + 1778830. Is q composite?
True
Suppose -4*g = 3*u - 1020251, 9*g + 1360260 = 4*u + 5*g. Is u prime?
True
Let i(p) = p**2 - 9*p - 27. Let r be i(16). Suppose 29*y - r*y = -58632. Is y a prime number?
False
Let d(l) = 6*l - 1. Let u be d(-5). Suppose -19*n = 13*n + 37312. Let f = u - n. Is f a composite number?
True
Let z = -2824 - -1693. Let g = 3172 + z. Is g prime?
False
Let k(s) = -11*s - 78. Let h be k(-7). Is ((-24498)/(-36))/(h*2/(-4)) prime?
True
Let u(j) = j**3 - 3*j**2. Let t be u(3). Suppose t = -4*o - 10 + 34. Suppose 922 = g - 5*d, -o*d + 3664 = 4*g - 2*d. Is g a prime number?
False
Is 367396